uate -49 + -44 + 130 + -20.
17
Evaluate -37 + -2 + (-33 - (-27 - -13)).
-58
Calculate 12 - (-9 + 12 + -13 + 4 + 0).
18
(-24 - -70) + 148 + -147
47
Calculate -15 - (-8 - (10 + 10 + -5 + -29)).
-21
Evaluate (17 - 19) + 10 + 1 + -8 - -78.
79
Evaluate 41 + (-32 - 0 - (2678 + -2695)).
26
What is the value of 35 - 66 - -51 - (-6 - -17)?
9
What is the value of 24 + (0 - (-19 + (11 - (4 - -1))))?
37
Evaluate 7 - (-4 + 10 + -61 + (-14 - (3 + -7))).
72
Evaluate (35 - 33) + (1 + (-45 - -19) - (-1 + -4)).
-18
What is the value of 11 - (10 - (-12 - 10)) - 91 - 1?
-113
What is the value of -23 - (52 + -2 - 29)?
-44
Evaluate -2 + -106 + 93 + (21 - 0).
6
What is -169 + 253 + 34 + -76?
42
Evaluate 22 + (22 - 11) + -64.
-31
Calculate -17 - ((-24 - -55 - (16 + -1)) + 42).
-75
What is (-8 - -63) + -57 + (-14 - -71)?
55
What is the value of -2 + 5 + -5 - (20 - (9 + 0))?
-13
Calculate -7 + -21 + (2 + -9 - -11 - -2) + -7.
-29
Calculate (-143 - -73 - (1 + -8)) + -10 + 12.
-61
Evaluate -17 + 21 - (60 - (2 + -4)) - (-3 + -1).
-54
What is the value of -28 + (-6 - (13 - (-3 + 32)))?
-18
-3930 + 3963 - (1 + 145)
-113
Calculate -3 + -211 + 231 + (-4 + 8 - 1).
20
Evaluate 23 + 58 + (-4 - 55).
22
What is (34 - (29 + -70)) + 6?
81
What is -20 - (18 - 148) - 14?
96
What is the value of -70 - (65 + -51 + -43)?
-41
What is (14 - 23) + 45 + (22 - 44)?
14
What is (-46 + 30 - 109) + (-1 - (-17 + 5)) + 1?
-113
Calculate 163 + -63 - (54 - -2).
44
(28 - -2) + 789 + -859
-40
678 - 664 - (-27 - (-6 + 1))
36
Evaluate -7 + (-55 - -59 - (0 - -1 - (14 + 33))).
43
8 + (2 - 0) + -108 + 75 + -4 - -9
-18
Evaluate 397 + -322 + (-3 - -44) + -18.
98
What is the value of (1 - (15 + -24 - -29) - -8) + (-1 - -59)?
47
What is the value of (1 - -4 - (-105 + 104)) + -12 - -22?
16
(-1 - -18) + (12 - (-35 + 72)) - 43
-51
(24 - (-15 + 1)) + -2 - 12
24
What is 13 - (40 + -15 + -11 + 29 + -13)?
-17
Evaluate (130 + 7 - 77) + (-26 - 0).
34
Evaluate (-6 - ((15 - (1 - -30)) + 14)) + 1 + 16.
13
What is the value of (-10 + -14 - -29 - (3 - -1)) + 7 + 97?
105
What is the value of 10 - (17 + 4 + 20) - 11?
-42
What is the value of 1 + -5 + -5 - (-156 + 56 - -166)?
-75
Calculate 13 + (1 - (29 - 7)) - (-27 - 11).
30
-1 - 1 - (-49 + 100 + -88)
35
What is the value of (1 - 2) + -93 + 357 + -339 - -17?
-59
Calculate 0 + -52 + (-11 + (1 - 8 - -20) - 8).
-58
Evaluate 60 - (35 + (-18 - -13)).
30
Calculate 6927 + -6928 + (158 - 25 - ((1 - 0) + 1)).
130
Evaluate -16 + 48 - 26 - 52.
-46
Calculate 1 + (-6 - 1) + (46 - 24) + -19 + 5.
2
5 + (-11 - (12 + -10 - 7)) + 0 + 23
22
Calculate (7 - 8) + (1 - -6 - (-4 + 14)).
-4
69 + (176 + -207 - (-75 - -1))
112
Calculate 0 + 4 + 0 + -37 + 49 + 4 + -12.
8
What is -39 + (-3 - -17) + (-68 - -198)?
105
What is the value of 39 + -1 - (4767 - 4780)?
51
Calculate (7 - -4) + (-10 + -1 + 5 - -8).
13
Evaluate 1 - 7 - (-4 + 1 + 10 + -1).
-12
-29 - (-39 + 9 + 45)
-44
-25 + (3 - -17) + -17 - -41
19
What is the value of -343 + 133 + 119 - (44 + 0)?
-135
What is (-2784 - -2753) + -1 + 46?
14
75 - 88 - (0 - (17 - -4))
8
What is (6 + -7 - (1 - -3 - 25)) + 10 - 0?
30
2 + (2 - 6) - (34 + -22) - -56
42
What is 2 - 1 - (-12 + 1 - -5 - 2) - 53?
-44
(5 - 18) + 13 + (5 - 21 - -4) + -3
-15
Calculate (62 - 20) + -87 + -11 + 38.
-18
-17 + 2 + (-23 - -27) - (1 - 30) - -4
22
Evaluate 145 - 129 - (-5 + 6).
15
Calculate (11 - 14 - 15) + (41 - 24).
-1
-1 + -32 + (3 - (-24 - -7))
-13
Calculate -513 + 500 - (-73 - 2) - 20.
42
(-27 - -62) + 13 + 14
62
What is the value of (5991 - 5990) + -2 + 5 + 1?
5
-27 - (-95 + 32 + 28)
8
(-11 - (-7 + 25 + 3 + -10 + -12)) + 18
8
What is -14 + 25 + (15 - (-29 - -37))?
18
What is 3 + 2 + (50 - -24) - (-10 - -24)?
65
Calculate 14 + -17 + (-3 - 23) + -2 + 1.
-30
1 + -1 + (347 - 337) + (-2 - -3 - 22)
-11
Calculate (-326 - -355 - (31 - 1)) + -24.
-25
Evaluate (-1 - -57) + (-46 - 41).
-31
Calculate -2 + 20 - (-85 + 51).
52
Calculate (-6 + -1 + 2 - (53 + -131 - -69)) + -4.
0
What is the value of (-17 - 1 - (-12 + 6 + -70)) + -6?
52
Evaluate 88 - (56 + -105 + 86).
51
Evaluate -38 + (-16 + (23 - 11) - -4) + 4.
-34
Evaluate -14 - (-7 + -11 + -4 + 15).
-7
(1 + 2 - (-21 + 4 + 20)) + -3 + -46
-49
What is (33 - (4 + 35)) + 0 + 2 + 17?
13
(27 - (60 + -28)) + -118 + 10 + -1
-114
What is the value of -309 - -266 - (-32 - 0)?
-11
1161 - 1095 - ((5 - 5) + 30)
36
-46 - (-62 + 47) - -51
20
(-9 - 0 - -2) + 20 + -6 + -11 - 15
-19
Evaluate -27 - (15 - 47 - 2).
7
-19 + 21 + -63 + -1 - (-555 - -546)
-53
What is (-2 + 5 - 17) + 27 + 3 + 72 + 32?
120
What is (-15 - (-1 + 3 + 6) - (23 - 25)) + 7?
-14
What is the value of 25 + (-89 - -1) + 24 + 9?
-30
-10 + (2 - (6 + -12)) + -6 + 2 + 5
-1
Calculate (4 - (8 + 1)) + (16 - 86).
-75
-5 - (7 + -8 - (-8 + (2 + -6 - -7)))
-9
Calculate 0 + (-147 + 81 - ((1 - -5) + 26 + -18)).
-80
25 + (61 - 23) + -52
11
What is -65 - -28 - -26 - 63?
-74
Evaluate -4 - (-24 - -4 - (-43 - -32)) - 21.
-16
What is the value of -3 - (-29 - (-7 - (9 - 15)))?
25
What is the value of -35 - (-80 - (-101 - -3))?
-53
What is 1 + -20 + (-6 - (6 + -14 - 17))?
0
What is 1 - -46 - (-1636 + 1688)?
-5
8 + 4 + -10 + 6 + -25 - (-30 - -24)
-11
(-1 + -1 + (10 - 6) - -8) + (18 - 8)
20
What is (3 - (-9 - -30)) + 11 + 5 + (1 - -38)?
37
What is the value of 54 + 29 + -88 + (1 - 1 - (1 + -4))?
-2
What is the value of -21 + (0 + 35 - (840 - 835))?
9
Evaluate (-9 + 36 - (3 + -3)) + 15.
42
What is the value of -5 + -3 + -1 - (83 + -28) - 13?
-77
Calculate -18 + ((21 - -5) + 2 + -20 - -41).
31
What is the value of -94 - 2 - (-15 + 1 + (11 - 15) + 20)?
-98
Evaluate (93 - 6) + -103 - (-31 + 0).
15
Evaluate (7 - 25) + 18 - (96 + -24).
-72
What is the value of (-2 + 0 - 10) + 0 + (144 - 18) + -41?
73
Calculate -44 - (32 + 0 - (-9 - -73 - 47)).
-59
Calculate -5 - (-13 + -27) - (-5 - (0 - 9)).
31
Calculate -1 + -3 + (-116 - (-44 + -109)).
33
Calculate 95 + -34 + -42 + -71.
-52
What is 4 + 0 + 0 - 5 - (-28 - (-11 - 3))?
13
What is the value of -89 + 167 + (111 - 84)?
105
What is 32 + -65 + 18 + 11 + 47?
43
Calculate 45 - (101 + 85 + -216).
75
What is the value of 305 + -327 - (-54 + 0) - 19?
13
What is the value of -5 - -8 - (21 + 0) - (-2214 + 2297)?
-101
Evaluate (101 - 22 - -26) + -2 + -4 + 5 + -11.
93
What is -9 + 25 + -49 + -6 - 25?
-64
Evaluate (-1 - 9) + (-3 - -3) + (42 - 23 - -69).
78
What is 50 + (22 - (131 + -67))?
8
-34 - (-5 - (-5 + 9 + -12))
-37
What is (-6 - (-1 + 2)) + (-8 - -45)?
30
Evaluate (-17 - -1 - 5) + (54 - 95 - -43).
-19
Calculate -33 - (-77 + 7 + 19).
18
-11 - (20 + -15 + -92)
76
18 + (-77 - (33 + -37) - -45)
-10
-1 - 44 - ((-19 - -32 - -13) + -33)
-38
What is -4 - (3 - 100 - (-273 - -271))?
91
Calculate 64 + 0 + 0 + (-32 + 16 - -56) + -32.
72
What is the value of -187 - (-3 - 74) - -133?
23
Evaluate -528 - -494 - (-105 - -8).
63
115 + 2 + (24 - (32 + -25)) + -20
114
Evaluate -15 - (0 + 11 - 20) - (-1 - 7).
2
What is (-8 - (-8 + -1)) + 49 + -24 + -16?
10
What is the value of (14 + 5 - (-97 - -11)) + -29?
76
What is the value of -441 + 461 + (2 - -8) - -105?
135
What is the value of -9 + (-138 + 148 - (10 - 2)) - 28?
-35
-111 - -109 - (-7 + 60)
-55
What is (13 + -9 - 11 - -6) + (-1 - -21 - 5)?
14
Evaluate 66 - 56 - (-2 + -6 + 13 + 7) - -8.
6
Calculate -18 + -45 + 47 + 76.
60
Calculate 33 + (30 - 1 - (-664 + 673)).
53
What is (12 - ((2 - (-14 + 9)) + -47 + -4)) + 7?
63
What is (29 - -158) + -41 + -122?
24
Evaluate (48 - 33) + -10 + 12 + -7.
10
What is the value of 5 - -129 - (-585 + 708)?
11
Evaluate (-23 - 0) + 219 + -190 - (-1 + -25).
32
What is the value of 1 - (0 + 15) - (7 + -7 + -5 + -5)?
-4
Evaluate -28 + 3 - (0 + -2) - ((80 - -25) + -112).
-16
What is the value of -4 + 22 - 18 - (-10 + 4)?
6
What is the value of 2 - ((-13 - (-25 + 14)) + 15 + -7)?
-4
What is the value of 5 + (42 - 52 - (-21 + 8))?
8
-14 - (-32 - ((0 - 2) + 384 + -371))
29
(1 - (4 + 6)) + 5 + 47 - (-76 - -81)
38
What is -23 + 33 + -12 + -8 + -24 + 8?
-26
17 - (-18 + (148 - 30)) - 0
-83
Evaluate (50 - (74 - 97)) + -68.
5
20 - -9 - -18 - 33
14
Evaluate (-4 - (0 - 4 - -13)) + 27.
14
Calculate -9 + (-12 - -8) + 47.
34
What is the value of -29 - (-10 - ((-23 + 10 - (-12 + -9)) + -25))?
-36
What is 6 + 2 + 2 + 166 + -187?
-11
What is the value of (0 + -1 - 70) + (191 - (-164 + 339))?
-55
What is (48 - (-12 - 9)) + 13 + -2 - (33 - 30)